?
False
Is 355 a factor of 1397990?
True
Is 19 a factor of 725895?
True
Is 407232 a multiple of 126?
True
Is 285153 a multiple of 71?
False
Is 881 a factor of 3795593?
False
Is 12 a factor of 157152?
True
Is 29 a factor of 6113229?
True
Does 14 divide 427272?
False
Is 12273067 a multiple of 9?
False
Is 13 a factor of 68481?
False
Is 17 a factor of 165342?
True
Is 114 a factor of 2263698?
True
Does 357 divide 30430680?
True
Is 173376 a multiple of 516?
True
Is 3 a factor of 1343414?
False
Is 626 a factor of 189449?
False
Is 2503591 a multiple of 197?
False
Is 150389 a multiple of 550?
False
Is 14492576 a multiple of 58?
True
Is 37632 a multiple of 192?
True
Is 56 a factor of 1065?
False
Does 121 divide 190817?
True
Does 228 divide 3724608?
True
Is 519360 a multiple of 24?
True
Is 1461242 a multiple of 54?
False
Is 87 a factor of 115008?
False
Is 868392 a multiple of 84?
True
Does 88 divide 368896?
True
Does 5 divide 547316?
False
Is 198 a factor of 399366?
True
Does 11 divide 313252?
False
Is 21 a factor of 9107879?
False
Is 9386 a multiple of 2?
True
Does 83 divide 1115662?
False
Does 22 divide 45133?
False
Is 218 a factor of 2713679?
False
Does 62 divide 867409?
False
Does 485 divide 1585950?
True
Is 437774 a multiple of 44?
False
Is 52074 a multiple of 50?
False
Does 60 divide 153827?
False
Is 582394 a multiple of 23?
False
Is 118 a factor of 1208489?
False
Does 10 divide 171090?
True
Is 22 a factor of 149314?
True
Is 267 a factor of 1427649?
True
Is 12 a factor of 201996?
True
Is 238549 a multiple of 300?
False
Is 318452 a multiple of 156?
False
Is 5 a factor of 120748?
False
Is 162986 a multiple of 227?
True
Is 471400 a multiple of 20?
True
Is 496375 a multiple of 23?
False
Is 15103063 a multiple of 29?
False
Is 26 a factor of 834163?
False
Does 32 divide 1013072?
False
Is 11242 a multiple of 77?
True
Is 301 a factor of 142072?
True
Is 558699 a multiple of 43?
True
Does 34 divide 5546250?
True
Is 124355 a multiple of 209?
True
Is 16965 a multiple of 39?
True
Is 15459 a multiple of 4?
False
Is 364644 a multiple of 28?
True
Does 342 divide 3410766?
True
Is 1162336 a multiple of 2?
True
Is 185 a factor of 320145?
False
Is 85 a factor of 10356802?
False
Is 4 a factor of 4875196?
True
Is 760845 a multiple of 56?
False
Does 268 divide 61806?
False
Is 35154 a multiple of 14?
True
Does 13 divide 277525?
False
Is 137 a factor of 484864?
False
Is 514 a factor of 81212?
True
Is 175 a factor of 88360?
False
Is 6955535 a multiple of 786?
False
Is 95374 a multiple of 2?
True
Is 6623712 a multiple of 96?
True
Does 181 divide 385929?
False
Is 258952 a multiple of 8?
True
Is 27 a factor of 5319?
True
Does 194 divide 4976876?
True
Is 19 a factor of 55161?
False
Is 1291 a factor of 349067?
False
Is 151152 a multiple of 12?
True
Does 11 divide 102652?
True
Is 36 a factor of 9784458?
False
Is 103582 a multiple of 67?
True
Is 28 a factor of 105252?
True
Is 7 a factor of 216642?
False
Is 8865753 a multiple of 59?
True
Is 16 a factor of 624812?
False
Does 133 divide 1459808?
True
Does 14 divide 103334?
True
Does 78 divide 322439?
False
Is 153 a factor of 3554649?
True
Is 31 a factor of 113027?
False
Is 1901273 a multiple of 254?
False
Is 7092397 a multiple of 448?
False
Is 80448 a multiple of 24?
True
Does 120 divide 4355760?
True
Does 107 divide 1148735?
False
Does 811 divide 7818851?
True
Is 4238318 even?
True
Is 259896 a multiple of 147?
True
Does 219 divide 128553?
True
Is 5 a factor of 1983?
False
Is 121 a factor of 74744?
False
Does 2 divide 19214?
True
Is 81 a factor of 788535?
True
Does 45 divide 1863990?
True
Is 272783 a multiple of 5?
False
Is 1983204 a multiple of 3?
True
Is 876554 a multiple of 238?
True
Is 69 a factor of 38159?
False
Is 27 a factor of 603828?
True
Does 12 divide 49180?
False
Is 8 a factor of 74424?
True
Does 98 divide 163072?
True
Is 560 a factor of 626640?
True
Does 25 divide 379019?
False
Is 379624 a multiple of 14?
True
Is 58589 a multiple of 160?
False
Is 941890 a multiple of 655?
True
Is 236256 a multiple of 18?
False
Does 141 divide 3783567?
False
Does 158 divide 2745566?
True
Is 11 a factor of 479018?
False
Is 61 a factor of 408276?
False
Is 34 a factor of 5405283?
False
Is 137 a factor of 207912?
False
Does 285 divide 3191080?
False
Is 47 a factor of 4729798?
True
Is 50014 a multiple of 34?
True
Is 54676 a multiple of 419?
False
Is 941850 a multiple of 325?
True
Is 11 a factor of 1885183?
False
Is 90 a factor of 989370?
True
Is 418 a factor of 10312937?
False
Is 23904 even?
True
Is 366606 a multiple of 63?
False
Is 75326 a multiple of 82?
False
Does 44 divide 86684?
False
Does 7 divide 13027?
True
Does 5 divide 26858?
False
Does 5 divide 912457?
False
Is 95 a factor of 12282740?
True
Does 112 divide 600236?
False
Does 88 divide 3423412?
False
Does 144 divide 3012572?
False
Is 2526074 a multiple of 898?
True
Is 14 a factor of 682283?
False
Is 23893 a multiple of 62?
False
Does 71 divide 6979371?
True
Does 81 divide 7268220?
False
Is 21885115 a multiple of 198?
False
Is 1523374 a multiple of 16?
False
Is 6365190 a multiple of 10?
True
Is 8 a factor of 401425?
False
Does 41 divide 2408791?
True
Is 55 a factor of 1111440?
True
Does 93 divide 1318049?
False
Is 32 a factor of 250304?
True
Does 36 divide 170604?
True
Is 25618 a multiple of 2?
True
Is 7 a factor of 66382?
False
Is 52 a factor of 67800?
False
Is 946700 a multiple of 20?
True
Is 19 a factor of 35551903?
False
Is 394 a factor of 2364788?
True
Is 8572658 a multiple of 89?
True
Does 25 divide 1295675?
True
Does 116 divide 154429?
False
Is 70657 a multiple of 311?
False
Is 17 a factor of 8909?
False
Is 158 a factor of 7705660?
True
Does 2 divide 21370?
True
Is 31 a factor of 334924?
True
Is 587520 a multiple of 192?
True
Is 319746 a multiple of 21?
True
Is 3 a factor of 58701?
True
Is 511 a factor of 714565?
False
Is 10674898 a multiple of 299?
True
Is 7 a factor of 15470?
True
Does 12 divide 422952?
True
Is 26 a factor of 32708?
True
Is 5605248 a multiple of 176?
True
Is 402903 a multiple of 45?
False
Does 146 divide 129356?
True
Is 104783 a multiple of 32?
False
Is 383 a factor of 1276855?
False
Is 26 a factor of 16385980?
True
Is 23 a factor of 88872?
True
Is 16061634 a multiple of 7?
False
Is 43 a factor of 8299?
True
Is 27 a factor of 104139?
True
Is 15 a factor of 213892?
False
Is 3292520 a multiple of 58?
False
Is 6 a factor of 662279?
False
Does 16 divide 911568?
True
Is 123153 a multiple of 12?
False
Is 4596036 a multiple of 843?
True
Is 439 a factor of 623843?
False
Is 128417 a multiple of 4?
False
Does 810 divide 1816020?
True
Is 3669903 a multiple of 19?
False
Does 316 divide 17386422?
False
Is 20 a factor of 69180?
True
Is 40 a factor of 54336?
False
Is 30 a factor of 413621?
False
Is 82 a factor of 146698?
True
Is 1667952 a multiple of 9?
True
Does 8 divide 193847?
False
Does 171 divide 5413689?
True
Is 89 a factor of 453011?
False
Is 96 a factor of 7115232?
True
Does 4 divide 152872?
True
Is 196862 a multiple of 117?
False
Does 86 divide 8388?
False
Is 1837 a factor of 23039654?
True
Is 12 a factor of 345005?
False
Is 14 a factor of 109676?
True
Is 443 a factor of 6604364?
False
Is 645137 a multiple of 55?
False
Is 101665 a multiple of 5?
True
Is 1149220 a multiple of 10?
True
Does 10 divide 560330?
True
Is 11 a factor of 12240327?
True
Is 84 a factor of 52500?
True
Does 5 divide 439560?
True
Is 15 a factor of 8827410?
True
Is 1279 a factor of 6511389?
True
Does 4 divide 70857?
False
Does 50 divide 43150?
True
Does 153 divide 8709525?
True
Is 166700 a multiple of 50?
True
Is 359845 a multiple of 64?
False
Is 31228 a multiple of 37?
True
Does 149 divide 6283553?
False
Is 179 a factor of 681453?
True
Does 1273 divide 14965369?
False
Is 26 a factor of 2756?
True
Is 27 a factor of 15061032?
True
Is 358655 a multiple of 293?
False
Is 14 a factor of 1956079?
False
Is 22 a factor of 4012514?
True
Does 86 divide 18069?
False
Is 22 a factor of 725868?
True
Does 17 divide 366274?
False
Does 87 divide 935685?
True
Is 3 a factor of 2147?
False
Does 11 divide 73216?
True
Is 269305 a multiple of 195?
False
Is 3403991 a multiple of 776?
False
Does 47 divide 419898?
True
Is 5136940 a multiple of 59?
False
Does 121 divide 18268?
False
Is 113 a factor of 318095?
True
Doe